 Let l(c) = 3*c**2 - 4. Let z be l(a). Suppose 10*v + z = 11*v. List the prime factors of v.
23
Suppose 0 = -0*b + 2*b - 4. Let m be b - -57 - (0 + 0). Let l = -40 + m. List the prime factors of l.
19
Let g(t) = t + 9. Let u = 11 + -17. Let m be g(u). Suppose -p - 86 = -4*r - m*p, 5*r = 3*p + 80. What are the prime factors of r?
19
Suppose -3*k + 6 = -2*k. Let x be (-1355)/(-6) + 1/k. List the prime factors of x/10 + (-8)/(-20).
23
Let y(c) = 1852*c**2 - 3*c - 3. List the prime factors of y(-1).
2, 463
Suppose 4*t + 3 = -13. Let y(a) = 26*a - 36. Let m(k) = -7*k + 9. Let b(x) = 9*m(x) + 2*y(x). What are the prime factors of b(t)?
53
Suppose 0 = -39*d + 11405 - 719. What are the prime factors of d?
2, 137
Let u(v) = -8*v - 10. Let w be -1*(2 - -1 - -3). What are the prime factors of u(w)?
2, 19
Let i(g) = 28*g + 2. Let h be i(3). Suppose -h = -3*k + k. List the prime factors of k.
43
Let i(x) = -x**2 - 5*x + 7. Let h be i(-5). Suppose 0 = 2*w + 8, -4*a - 670 = -h*a - 5*w. What are the prime factors of a?
2, 5, 23
Let h = 64 - -40. Let s = -79 + h. List the prime factors of s.
5
Let x(o) = -777*o + 378. What are the prime factors of x(-5)?
3, 7, 29
Suppose 0*p + 2*g = p + 1, 2*p + 4*g = 14. Let t be (-8)/(-6)*p/(-2). List the prime factors of (t - -46) + (0 - -1).
3, 5
What are the prime factors of ((-3972)/24)/(2/(-4))?
331
Let g = 847 - 337. List the prime factors of g.
2, 3, 5, 17
Suppose -6*n + 1298 = -2512. List the prime factors of n.
5, 127
Suppose 4*b = 125 + 27. What are the prime factors of b?
2, 19
Let o = 87 + 532. What are the prime factors of o?
619
Let a(c) = 19*c - 2. Let z(m) = -9*m + 1. Let t(d) = 6*a(d) + 13*z(d). Let o be (-44)/7 + 4/14. List the prime factors of t(o).
19
Let s(u) = 3*u**2 - 13*u - 34. What are the prime factors of s(15)?
2, 223
Let x(m) = -64*m**3 - m**2 + 3*m - 2. Let y be x(1). Let v = y + 77. List the prime factors of v.
13
What are the prime factors of ((-7)/(-7))/((-3)/(-1554))?
2, 7, 37
Suppose -29*o = 34*o - 189819. What are the prime factors of o?
23, 131
Let l = -18 + 8. Let n = -5 - l. Suppose -a - n*h = 0, h - 32 = -5*a - 8. List the prime factors of a.
5
Suppose 3*x = -2*a - 484 + 20, 0 = -a + 4*x - 221. Let b = -160 - a. List the prime factors of b.
3, 23
Suppose 4*f = 2672 + 2944. What are the prime factors of f?
2, 3, 13
Let k(w) be the first derivative of -w**3/3 + w**2/2 + 33*w - 1. Let v(q) = 3*q**2 - 20*q - 7. Let r be v(7). What are the prime factors of k(r)?
3, 11
Let o(y) = 61*y**2 + y - 3. Let p be o(2). Let c = p - 135. Let q = -63 + c. List the prime factors of q.
3, 5
Let g = 3180 + -1478. What are the prime factors of g?
2, 23, 37
Suppose 6*f = 3*f - 42. Let d = 34 + f. Suppose 4*r - d - 12 = 0. What are the prime factors of r?
2
Let i = -80 + 150. Let b be ((-15)/(-2))/(18/48). What are the prime factors of 354/14 - b/i?
5
Suppose -5*t - 2*s - 40 = -0*t, 5*t + 35 = -3*s. Let j = t - -13. Suppose -j = 2*h - 47. What are the prime factors of h?
2, 11
Suppose -4*r + 47 = -3*o - 0, 5*r - 4*o - 60 = 0. Suppose r = 4*b - 4*p, 4*b - p = 3 + 5. List the prime factors of 19/1 - (-2)/b.
2, 5
Let s(q) = q**3 - 7*q**2 + 10*q - 4. Suppose 3*k + 43 = 4*y, -9 = y + 5*k + 9. Let g be s(y). Suppose 2*i - g = -i. What are the prime factors of i?
2, 11
Suppose -2*n = q - 2200, -3*n = -7*q + 2*q + 11039. What are the prime factors of q?
2, 1103
Suppose -4*i + 2*i - 827 = -3*x, -x - 2*i + 273 = 0. List the prime factors of x.
5, 11
Let n be (-3)/((12/(-8))/1). Let f be (-85)/n*28/(-35). Let v = 51 - f. What are the prime factors of v?
17
Let x(q) = q**2 + 3*q. Let j be x(-5). Suppose -j = -2*f - 2. Suppose 5*l = -5, 2*l = f*b - 2*l - 172. List the prime factors of b.
2, 3, 7
Suppose -17*m + 10687 + 3355 = 0. What are the prime factors of m?
2, 7, 59
Suppose 3984 = -15*g + 31*g. List the prime factors of g.
3, 83
Let s(o) = 4*o - 36. Let i be s(-9). Let m = 119 + i. List the prime factors of m.
47
Suppose -2*m - 2830 = -5*c, -4*m + 1348 + 944 = 4*c. What are the prime factors of c?
2, 71
Let t = 16 + -20. Let u = t + 78. List the prime factors of u.
2, 37
Suppose -4*w = 4*r - 3*r - 4962, 2*w - 4*r - 2490 = 0. List the prime factors of w.
17, 73
Suppose 5*h + 18 + 289 = 2*m, 3*h + 438 = 3*m. Suppose 0 = 2*q + d - m, -171 + 522 = 5*q + d. What are the prime factors of q?
2, 5, 7
Let w(d) = d**2 + 7*d + 12. Let q(a) = -a**2 + 7*a + 9. Let c = 20 - 11. Let u be q(c). What are the prime factors of w(u)?
2, 3, 5
Let y = -48 - -57. Suppose y*o = 1012 - 94. List the prime factors of o.
2, 3, 17
Let n = -1 - -3. Suppose 3*o - 298 = q - n*q, 20 = -4*q. Suppose -o = -4*t + 3*j, -t - 2*j - 4 + 21 = 0. What are the prime factors of t?
23
Let d = -52 + 54. Suppose -7*q = d*z - 3*q - 100, -3*z - 4*q + 140 = 0. List the prime factors of z.
2, 5
Let o(p) = -p**3 + 8*p**2 + 23*p - 54. What are the prime factors of o(9)?
2, 3
Let x be -6*(0 - -2)*3/(-12). Suppose x*o = 425 - 71. List the prime factors of o.
2, 59
Let a(j) = 7*j**2 - 2*j - 5. Let q be a(7). Let c = q + -227. What are the prime factors of c?
97
Suppose -20 = -4*m - 8. Suppose -5*i - 15 = 2*g + 18, -m*i = -2*g + 7. Let w = g + 11. List the prime factors of w.
7
Let c(m) = 2 - 3 - m**2 + 0 - 5 + 6*m. Let f be c(3). Suppose -q + 79 = 5*h, 3*q - f*h - 201 = -q. What are the prime factors of q?
2, 3
Suppose d - 633 = 3*y, 0*y - 2*y - 2522 = -4*d. What are the prime factors of d?
2, 3, 5, 7
Suppose 60 - 54 = -2*f. Let c(m) be the first derivative of -m**4/2 - 4*m**3/3 + m**2 + 4*m + 4. What are the prime factors of c(f)?
2
List the prime factors of (12/(-4))/(7/(1169/(-3))).
167
Suppose 42*b + 2618 = 56*b. What are the prime factors of b?
11, 17
Suppose -5*q - 39 - 1 = 0. Let h(d) = -d**3 - 4*d**2 + 21*d - 11. What are the prime factors of h(q)?
7, 11
Let s(h) = -h**3 - 26*h**2 - 4*h - 12. List the prime factors of s(-26).
2, 23
Let u be (7/(-3))/(2/6). Let z = -118 + 325. List the prime factors of (u/(-3))/(23/z).
3, 7
Suppose i + 68 = m, -4*i + 0*i = 3*m + 279. Let t = -98 - i. Let j = t + 49. List the prime factors of j.
2, 5
Let g = 1850 + -685. List the prime factors of g.
5, 233
Let d(c) = 4 + 0 + 9*c + c**2 + 10. Let p be d(-7). Suppose n + v = p, -2*n + n - 16 = 5*v. What are the prime factors of n?
2
Let g(i) = i**2 - i + 8. Suppose l - 2*r + 30 = -3*l, -5*r + 45 = -4*l. Let t be g(l). Suppose t - 5 = 3*x. What are the prime factors of x?
11
Suppose -3*p + u + 136 + 139 = 0, 0 = 4*p + 4*u - 388. Let x = p - -16. List the prime factors of x.
109
Let o(g) = -2*g**3 - 17*g**2 - 22*g + 35. What are the prime factors of o(-13)?
2, 3, 307
Suppose 3*r = 4*a - 5, 2*a - 4*r - 7 = 3. List the prime factors of (-3)/3 - a - -128.
2
Suppose -c = -0*c + 35. Let i = c - -35. Suppose i*y + 5*r = 2*y - 24, -3*r - 8 = 2*y. What are the prime factors of y?
2
Let c be (80/28)/(2/7). Let f(r) = r**2 - 10*r - 4. Let x be f(7). Let s = c - x. List the prime factors of s.
5, 7
Suppose -b = -267 - 51. Let p = b - 194. What are the prime factors of p?
2, 31
Let d be 1*3*(-15)/(-5). Let k(u) = u**2 - 4*u + 9. What are the prime factors of k(d)?
2, 3
Suppose 4*q - 107 = -3*j, 3*j + q = 5*q + 139. Let i = -54 + 39. Let w = i + j. List the prime factors of w.
2, 13
Suppose 218 = -t + 3*t. Let y = -37 + t. Suppose -y + 18 = -2*m. List the prime factors of m.
3
Suppose -4*o - 5*o + 27 = 0. Suppose 3*t - 45 = -m, o*m + 33 = 4*t - t. What are the prime factors of t?
2, 7
Let q(c) = -c - 9. Let l be q(-8). Let x be (0 - l)*(-1 - -1). Suppose 4*o = 4*b + 108, x = o + 4*o + b - 147. List the prime factors of o.
29
Let l(w) = w**3 - 28*w**2 + 30*w - 1. List the prime factors of l(27).
2, 5
Let z be (-2)/((-4)/10) + -1. Let u(b) = 27*b + 2. Let n be u(2). Suppose -5*i = -z - n. What are the prime factors of i?
2, 3
Suppose -4*f + 0*n - n - 86 = 0, 4*f - 3*n + 94 = 0. Let h = -9 - f. List the prime factors of h.
13
Let j be (-15)/(-20)*16/6. Suppose 2*q - 31 = -3*w, -5*q = -w - j*w - 46. List the prime factors of q/(11/12)*1.
2, 3
Let k be 6/24 + 18/(-8). Let r be (21/(-4) - k)*4. List the prime factors of 24/36 + r/(-3).
5
Suppose 0 = -7*z + 12*z - 5. List the prime factors of (3 + 61 - -2) + z.
67
Let h(s) = 11*s**3 - 2*s**2 - 8*s + 5. Let b be h(-6). Let v be (-4)/(-7) + b/(-35). Let 